 y be h(1). Give u(y).
2
Let v(x) be the second derivative of x**7/840 + 7*x**6/360 + x**5/15 - x**4/8 + 14*x**3/3 + 24*x. Let c(y) be the second derivative of v(y). Give c(-6).
-15
Let t(m) = -16*m + 272. Let g be t(17). Let d(x) be the third derivative of -1/60*x**6 + 1/2*x**3 + 0*x + 1/15*x**5 + g - 1/6*x**4 - 8*x**2. Calculate d(2).
-5
Let c(l) = l**3 - l**2 + l + 4. Let u(x) = x**2 - 24*x - 112. Let o be u(-4). Give c(o).
4
Let m(f) = -10*f + 6*f + 3*f. Give m(2).
-2
Let n = 11 - 7. Suppose -2*o + 7 = 1. Let l(r) = n*r - 4*r + r + 3*r**o. What is l(1)?
4
Let w(o) = -3*o - 2. Let s(k) = 8*k + 7. Let z(d) = -4*s(d) - 11*w(d). Let l be (3/(-2))/(6/(-32)). Let c be z(l). Let u(r) = -r + 2. Calculate u(c).
0
Let g(l) = -10*l**3 + l**2 - l - 1. Let m be (-6)/4 - (-76)/(-8). Let y be (-14)/(3 + -4) - 4. Let x = m + y. What is g(x)?
11
Let u(m) = m + 4. Let z be u(0). Suppose 0*r - 1 = -3*x + 5*r, 0 = -z*r + 16. Let c(b) = x*b - 4*b + 6 + 0*b + 0*b. Give c(-4).
-6
Let y = 166 + -54. Let b = y - 118. Let h(s) = 2*s - 2 - 4*s - s**2 - 5*s. Determine h(b).
4
Let v(o) = -o + 14. Let x be v(11). Suppose -2 + 0 = -q - x*b, 4 = -4*b. Let f(u) = -q*u**3 - 2 - 3*u**2 + 3 + u**3 - 3*u + 3*u**3. Calculate f(-3).
10
Let h(t) = -8*t - 21. Let n be h(-3). Suppose -s - 4*u + 17 = 0, -n*u = -5*s - 5 + 21. Let b(l) = -l**3 + 5*l**2 + 3*l + 3. Give b(s).
18
Let c = -302 + 295. Let k(b) = 2*b + 2. Calculate k(c).
-12
Suppose 0 = -5*a - 20 - 5. Let v(m) = 2*m + 7. Let n be v(a). Let c(o) = -4*o - 6. Let t(s) = -3*s - 7. Let h(i) = n*t(i) + 2*c(i). Give h(-4).
5
Let j(v) = 5*v**2 + 2. Let a = 147 - 145. Give j(a).
22
Let r(f) = 2*f + 54 - 54 - 2*f**2. Let u be (-133)/(-95) - (-6)/10. What is r(u)?
-4
Let l(a) be the first derivative of -3*a**2/2 + 5*a + 99. Give l(4).
-7
Suppose 15 = -v + 18. Suppose -v*b - 5*c + 21 = 0, 5*b - 4*c - 22 = 13. Let h(p) = p**2 - 6*p + 2. Determine h(b).
9
Let n(c) = -5*c - 26. Let a(s) = 3*s + 13. Let i(h) = -7*a(h) - 4*n(h). Suppose 0 = 4*q - 7*q - 6. Let l be (q - (0 - 3))*0. Determine i(l).
13
Let u = -29 - -33. Let o(i) = -5*i**2 + 0*i**2 + 3*i**2 - u + 8*i. Give o(5).
-14
Let k(w) = 2*w + 14. Let z be k(-12). Let q(s) = -7*s - 65. Calculate q(z).
5
Let j(s) = 5*s**2 - s - 1. Let z(l) = l. Suppose -7*t - 4 = -3*t. Let m(k) = t*j(k) - z(k). Suppose u + 3*r = -2, -3*u - 4*r = -2*r - 1. Give m(u).
-4
Let d(c) = 2*c. Let f(x) = x**3 - 2*x**2 - 2*x - 3. Let n be f(3). Suppose n*o - 8*o + 8 = 0. What is d(o)?
2
Let z = 447 - 443. Let a(t) = 4 + 5*t**2 - 4*t - 2*t**3 + 0 + 0 + t**3. Give a(z).
4
Let l = 0 + 2. Let y(d) = 5*d**2 + 11*d. Let p(q) = q**2 + 2*q. Let h(u) = 22*p(u) - 4*y(u). Give h(l).
8
Let q(c) be the second derivative of c**6/120 + 7*c**5/60 + c**4/4 - 5*c**3/6 - 15*c**2/2 + 21*c. Let s(u) be the first derivative of q(u). What is s(-6)?
-5
Let p be 4/1 + -3 - -2. Suppose 0 = a + p*w - 2*w - 11, a - 5 = w. Let t be -2 - (-2 + 5 - a). Let s(c) = c**3 - 5*c**2 + 3*c + 2. Calculate s(t).
-7
Let n = 3 + -1. Suppose 2*y + n = 0, -u = 2*y + 5 - 6. Let z(a) be the first derivative of -a**4/4 + 2*a**3/3 + a**2/2 + 4*a - 1. Give z(u).
-2
Let b(w) = w**3 + 3*w**2 - 5*w - 6. Let f(p) = 45*p**3 + p**2 - 2*p + 1. Let x be f(1). Let r = x + -49. Give b(r).
-2
Let t(v) = 4*v**2 + 4*v + 2. Let r(z) be the first derivative of 8*z**3/3 + 4*z**2 + 4*z - 4. Let x(f) = 4*r(f) - 9*t(f). Let l = -21 + 19. Determine x(l).
-10
Let a(i) = 17*i - 6*i - 19 - 6*i - 5*i + 2*i. Give a(6).
-7
Let t(j) = j**2 + j - 28. Let g be t(5). Let s(l) = -l**3 + l**2 - l - 1. Give s(g).
-7
Let j(o) = 3*o**3 - o**2 + 2*o - 3. Let c(s) = -21*s + 338. Let q be c(16). Give j(q).
21
Let t be 3/(4/((-16)/(-3))). Let w(r) = -r**2 + 6*r - 4. Let n be w(t). Suppose n*h = -h - 25. Let v(g) = -2*g - 7. Determine v(h).
3
Let q be ((-333)/74)/((-2)/(-4)). Let k(i) = -i + 7. What is k(q)?
16
Let r be (-4)/(-8)*(12 + -2). Suppose 2*h = r*j - 9, 4*h - 5*h = -j. Let q(f) = -f**3 + 3*f**2 + 5*f - 4. Give q(j).
11
Let c(w) = w**3 + 3*w**2 - 11*w + 8. Let l(z) = -20*z + 1 - 15*z + 34*z. Let u(n) = -c(n) + 5*l(n). Calculate u(-5).
17
Let a(x) = -x**2 - 7*x. Suppose 10 - 14 = n - 2*t, n + 2*t = -8. Give a(n).
6
Let v(c) = -c**3 - 5*c**2 + 5*c - 4. Let i be v(-6). Let z(m) = -3 + 0*m - m**2 - m**i + 6*m + m**2. Calculate z(6).
-3
Let y(q) = 14*q**2 + 15. Let d(n) = -7*n**2 - 7. Let s(b) = 13*d(b) + 6*y(b). Let x be (-3 - -1)/(-5 + 6 - 3). Give s(x).
-8
Let q(h) = -5*h**2 - 6 + h**2 - 3 + 7 - h**3 - 4*h. Calculate q(-3).
1
Let a(h) = 2 - 2 + 2 - 4*h + 9*h. Suppose 0 = 2*x - 5*d - 14, -5*x + 3*d = -d - 18. Calculate a(x).
12
Let l(x) be the third derivative of 0 - 1/24*x**4 - 2/3*x**3 - x**2 + 0*x. Let i be (-2)/(1/(-1))*-1. Determine l(i).
-2
Let c be (56/(-6))/(12 - (-456)/(-36)). Let g(h) = -3*h + 48. Calculate g(c).
6
Let k(u) = u**2 + 2*u. Let z = 23 - 41. Let l(w) = -2*w**3 - 2*w**2. Let n be l(-2). Let a be (-63)/z*n/14. Determine k(a).
8
Let u(q) = -7*q**3 - 2*q**2 - q. Suppose 0 = 2*f - 6*f. Suppose 0 = -5*b - f + 115. Let g = 22 - b. Give u(g).
6
Let k(h) = -5 - 9 + 5 - 2*h + 2. Calculate k(0).
-7
Suppose 101*a + 30 = 131*a. Let p(n) = n**2 + n - 2*n + 4*n**2. Give p(a).
4
Let s(x) = -13*x + 32. Let i(g) = -8*g + 21. Let r(v) = -8*i(v) + 5*s(v). Give r(-11).
3
Let v(q) be the first derivative of 0*q - q**3 - 14 + 1/2*q**2. Let j(k) = k**3 - k**2 - k + 1. Let t be j(0). Determine v(t).
-2
Let n(g) = -g**2 + 6*g - 3. Let q be (2 - 11/6)*42. What is n(q)?
-10
Let f(k) = -2*k**2 - 17*k + 5. Let b(p) = p**2 + 9*p - 3. Let r(m) = -7*b(m) - 4*f(m). Calculate r(-6).
7
Let n(w) = -w**2 - w + 1. Let m be (-4)/(-8) + 2/4. Let t(h) = h**3 - 8*h**2 - 8*h + 8. Let g(q) = m*t(q) - 5*n(q). Determine g(3).
-6
Let y(l) be the second derivative of l**3/2 - 27*l**2/2 + 95*l + 2. Determine y(10).
3
Let a(j) = 1. Let z(f) = f + 10. Let c(l) = -a(l) - z(l). Suppose 0 = -90*y + 57*y - 429. Give c(y).
2
Let v(b) = 7*b**2 - 2*b + 3. Let x = -240 + 242. What is v(x)?
27
Let b(m) = -10*m. Let w be -1 + -2 + (4 - 2). Let c be b(w). Suppose 2*s + 2 = c. Let t(f) = f**3 - 3*f**2 - f - 2. Determine t(s).
10
Let y(z) = -2*z**2 + 4*z - 1. Suppose -13*u = -15*u + 78. Let r = -36 + u. Calculate y(r).
-7
Suppose -11 - 20 = -4*t + n, 5*t - 42 = -2*n. Let b(l) = l**2 - 8*l - 3. Calculate b(t).
-3
Let k = 27 + -25. Suppose t - k*n = -5*n - 7, 3*t + 15 = -3*n. Let x(o) = -2*o**2 - 4*o - 5. What is x(t)?
-21
Let c(q) = -q**2 - 2*q - 22. Let h(f) = -7. Let m(t) = 2*c(t) - 7*h(t). Determine m(2).
-11
Let k be 6/4 + (-1)/(-2). Let w be 52/39 - k/(-3). Suppose 0 = -w*c - 8, -2 = -4*d - 3*c - 18. Let s(i) = -11*i + 1. What is s(d)?
12
Let l(v) = -v**2 - 8*v + 2. Let k be l(-8). Let r be 1/(k + (-21)/9). Let g(u) = 3*u**3 - 2*u**3 + 3 - 4 + 3*u**2. Calculate g(r).
-1
Let d(q) = 4*q**2 - 3*q**3 + 5*q**2 + q - 9*q**3 - 7*q**2. Determine d(-1).
13
Let s(u) = -21 + 6*u - 8*u + 19 + 5*u. Determine s(11).
31
Let z = -11273 + 11282. Let f(r) = 3 - 13 + r**3 - 9*r**2 + 2*r + 0*r**3. What is f(z)?
8
Let k(c) be the third derivative of c**4/6 + c**3/2 + 62*c**2. Calculate k(-9).
-33
Let q(i) be the first derivative of -i**4/4 + 7*i**3/3 - 4*i**2 - 3*i + 101. Give q(6).
-15
Let k(q) = 5*q - q - 7 - 5*q. Let n(l) = l**3 - 11*l**2 - l + 4. Let s be n(11). Let p = s + 1. Calculate k(p).
-1
Let v(y) = y**3 + 10*y**2 + 16*y + 1. Let g(q) = -16*q - 184. Let u be g(-11). Determine v(u).
1
Let r(v) = v**3 + 82*v**2 - 256*v + 4. Let a be r(3). Let i(o) = o**2 - 3*o - 7. Let g be i(6). Let x(s) = 1 - s - g*s**2 + 0 - s. Calculate x(a).
-12
Let d(h) = -17*h. Suppose -9*i = 23 - 41. Give d(i).
-34
Let a(x) = 3*x + 18. Let z be (17 + -29 + 9)/((-1)/(-3)). Give a(z).
-9
Let f be (7 + -5)/(6/(-15)). Let m(w) be the first derivative of w**3/3 + 5*w**2/2 + 5*w - 1. What is m(f)?
5
Suppose -w - 4*w + 4*u = 2, 6 = -3*u. Let m(p) = p**2 - 14*p - 15. Let l be m(15). Let y(g) = -1 + l*g - 4*g - 1 + 3*g + 2*g**2. Give y(w).
8
Let j(l) = -47*l**2 - 2*l + 2*l**3 - l + 24*l**2 + 22*l**2. What is j(2)?
6
Let i be 23 - (-1 + -2 - -2 - -4). Suppose -u + 5*u - i = 0. Let x(c) = -c + 1. Determine x(u).
-4
Let o(l) = -13*l**2 - 42*l + 3. Let g(r) = -7*r**2 - 22*r + 2. Let t(i) = 11*g(i) - 6*o(i). Give t(-9).
-5
Let n(l) be the second derivative of l**5/20 - l**4/2 + 